{"id":440,"date":"2020-06-23T16:02:48","date_gmt":"2020-06-23T16:02:48","guid":{"rendered":"https:\/\/psicologanerinapupillo.it\/index.php\/terapia-di-coppia-copy\/"},"modified":"2020-07-02T11:02:04","modified_gmt":"2020-07-02T11:02:04","slug":"sostegno-psicologico-famiglie","status":"publish","type":"page","link":"https:\/\/psicologanerinapupillo.it\/index.php\/sostegno-psicologico-famiglie\/","title":{"rendered":"Sostegno Psicologico per Bambini, Adolescenti e Famiglie"},"content":{"rendered":"<!--themify_builder_content-->\n<div id=\"themify_builder_content-440\" data-postid=\"440\" class=\"themify_builder_content themify_builder_content-440 themify_builder tf_clear\">\n    \t\t\t<!-- module_row -->\n\t<div  data-tablet-padding=\"5%,5%\" data-css_id=\"lxhw000\" data-lazy=\"1\" class=\"module_row themify_builder_row fullwidth_row_container tb_lxhw000 tb_first tf_w tf_clearfix wow\" data-tf-animation=\"slideInDown\">\n\t    <div class=\"builder_row_cover tf_abs\"><\/div>\t\t\t<div class=\"row_inner col_align_top tb_col_count_1 tf_box tf_rel\">\n\t\t            <div  data-lazy=\"1\" class=\"module_column tb-column col-full tb_dr1j000 first\">\n                                                        <div class=\"tb-column-inner tf_box tf_w\">\n                        <!-- module text -->\n<div  class=\"module module-text tb_06f0502    wow\" data-tf-animation=\"zoomIn\" data-lazy=\"1\">\n        <div  class=\"tb_text_wrap\">\n    <h1><em>\u201cComprendere<\/em><em> il comportamento di un gruppo familiare \u00e8 pi\u00f9 facile se si accetta di far riferimento al gruppo visto nella sua totalit\u00e0 invece che in termini di somma di comportamenti individuali\u201c<\/em><\/h1>\n<h1>Luigi Cancrini<\/h1>    <\/div>\n<\/div>\n<!-- \/module text -->                    <\/div>\n                            <\/div>\n            \t    <\/div>\n\t    <!-- \/row_inner -->\n\t<\/div>\n\t<!-- \/module_row -->\n\t\t\t\t<!-- module_row -->\n\t<div  data-css_id=\"ucap470\" data-lazy=\"1\" class=\"module_row themify_builder_row fullwidth_row_container tb_ucap470 tf_w tf_clearfix\">\n\t    \t\t\t<div class=\"row_inner col_align_top tb_col_count_1 tf_box tf_rel\">\n\t\t            <div  data-lazy=\"1\" class=\"module_column tb-column col-full tb_aeyo000 first\">\n                                                        <div class=\"tb-column-inner tf_box tf_w\">\n                        <!-- module text -->\n<div  class=\"module module-text tb_o3jl440    wow\" data-tf-animation=\"zoomIn\" data-lazy=\"1\">\n        <div  class=\"tb_text_wrap\">\n    <h2>Sostegno Psicologico per Bambini, Adolescenti e Famiglie<\/h2>    <\/div>\n<\/div>\n<!-- \/module text -->\t<div  data-lazy=\"1\" class=\"module_subrow themify_builder_sub_row tb_kigk320 tf_w tf_clearfix\">\n\t    \t\t\t<div class=\"subrow_inner col_align_top tb_col_count_1 tf_box tf_w\">\n\t\t            <div  data-lazy=\"1\" class=\"module_column sub_column col-full tb_j1vb006 first\">\n                                                        <div class=\"tb-column-inner tf_box tf_w\">\n                        <!-- module text -->\n<div  class=\"module module-text tb_oct8777    wow\" data-tf-animation=\"fadeInLeft\" data-lazy=\"1\">\n        <div  class=\"tb_text_wrap\">\n    <p>Fare i genitori \u00e8 un compito molto impegnativo che implica responsabilit\u00e0 enormi per ci\u00f2 che concerne il benessere dei figli e la possibilit\u00e0 che diventino adulti sicuri, in grado di saper esprimere e organizzare le loro emozioni, con buoni livelli di autostima, flessibili e capaci di saper gestire conflitti e avversit\u00e0. Con i soggetti in et\u00e0 evolutiva si potrebbe pensare che sia pi\u00f9 semplice agire sul <strong>\u201cproblema emergente\u201d <\/strong>in realt\u00e0 la difficolt\u00e0 del bambino, ragazzo \u00e8 sempre inserita nel suo ambiente familiare.<\/p>\n<p>Di conseguenza ci\u00f2 che il lavoro terapeutico si propone \u00e8 quello di accompagnare le famiglie nel processo di crescita dei figli attraverso l\u2019analisi delle <strong>dinamiche familiari<\/strong> connesse al <strong>\u201csintomo parlante<\/strong>\u201d del figlio. L\u2019obiettivo \u00e8 quello di formulare una ipotesi condivisibile di connessione tra il sintomo, il vissuto emotivo collegato e la causa sottostante in quanto il cambiamento fa vibrare le corde \u201c<strong>dell\u2019ambiente familiare\u201d<\/strong>, incidendo direttamente sull\u2019atteggiamento profondo dei membri del nucleo. Nello specifico il percorso di cura sar\u00e0 strutturato tenendo conto delle difficolt\u00e0 riportate dal minore operando contemporaneamente degli incontri familiari (bisettimanali o mensili a seconda della problematica).<\/p>\n<p><strong>Aree di intervento <\/strong><\/p>\n<ul>\n<li>Disturbi dello sviluppo<\/li>\n<li>Disturbi della regolazione emotiva<\/li>\n<li>Disturbi alimentari<\/li>\n<li>Isolamento e ritiro scolastico<\/li>\n<li>Autolesionismo<\/li>\n<li>Disturbo Ossessivo Compulsivo<\/li>\n<li>Disturbi d\u2019ansia<\/li>\n<li>Disturbi psicosomatici<\/li>\n<\/ul>    <\/div>\n<\/div>\n<!-- \/module text -->                    <\/div>\n                            <\/div>\n            \t    <\/div>\n\t<\/div><!-- \/themify_builder_sub_row -->\n\t                    <\/div>\n                            <\/div>\n            \t    <\/div>\n\t    <!-- \/row_inner -->\n\t<\/div>\n\t<!-- \/module_row -->\n\t<\/div>\n<!--\/themify_builder_content-->","protected":false},"excerpt":{"rendered":"<p>\u201cComprendere il comportamento di un gruppo familiare \u00e8 pi\u00f9 facile se si accetta di far riferimento al gruppo visto nella sua totalit\u00e0 invece che in termini di somma di comportamenti individuali\u201c Luigi Cancrini Sostegno Psicologico per Bambini, Adolescenti e Famiglie Fare i genitori \u00e8 un compito molto impegnativo che implica responsabilit\u00e0 enormi per ci\u00f2 che [&hellip;]<\/p>\n","protected":false},"author":1,"featured_media":0,"parent":0,"menu_order":0,"comment_status":"closed","ping_status":"closed","template":"","meta":[],"builder_content":"<h1><em>\u201cComprendere<\/em><em> il comportamento di un gruppo familiare \u00e8 pi\u00f9 facile se si accetta di far riferimento al gruppo visto nella sua totalit\u00e0 invece che in termini di somma di comportamenti individuali\u201c<\/em><\/h1> <h1>Luigi Cancrini<\/h1>\n<h2>Sostegno Psicologico per Bambini, Adolescenti e Famiglie<\/h2>\n<p>Fare i genitori \u00e8 un compito molto impegnativo che implica responsabilit\u00e0 enormi per ci\u00f2 che concerne il benessere dei figli e la possibilit\u00e0 che diventino adulti sicuri, in grado di saper esprimere e organizzare le loro emozioni, con buoni livelli di autostima, flessibili e capaci di saper gestire conflitti e avversit\u00e0. Con i soggetti in et\u00e0 evolutiva si potrebbe pensare che sia pi\u00f9 semplice agire sul <strong>\u201cproblema emergente\u201d <\/strong>in realt\u00e0 la difficolt\u00e0 del bambino, ragazzo \u00e8 sempre inserita nel suo ambiente familiare.<\/p> <p>Di conseguenza ci\u00f2 che il lavoro terapeutico si propone \u00e8 quello di accompagnare le famiglie nel processo di crescita dei figli attraverso l\u2019analisi delle <strong>dinamiche familiari<\/strong> connesse al <strong>\u201csintomo parlante<\/strong>\u201d del figlio. L\u2019obiettivo \u00e8 quello di formulare una ipotesi condivisibile di connessione tra il sintomo, il vissuto emotivo collegato e la causa sottostante in quanto il cambiamento fa vibrare le corde \u201c<strong>dell\u2019ambiente familiare\u201d<\/strong>, incidendo direttamente sull\u2019atteggiamento profondo dei membri del nucleo. Nello specifico il percorso di cura sar\u00e0 strutturato tenendo conto delle difficolt\u00e0 riportate dal minore operando contemporaneamente degli incontri familiari (bisettimanali o mensili a seconda della problematica).<\/p> <p><strong>Aree di intervento <\/strong><\/p> <ul> <li>Disturbi dello sviluppo<\/li> <li>Disturbi della regolazione emotiva<\/li> <li>Disturbi alimentari<\/li> <li>Isolamento e ritiro scolastico<\/li> <li>Autolesionismo<\/li> <li>Disturbo Ossessivo Compulsivo<\/li> <li>Disturbi d\u2019ansia<\/li> <li>Disturbi psicosomatici<\/li> <\/ul>","_links":{"self":[{"href":"https:\/\/psicologanerinapupillo.it\/index.php\/wp-json\/wp\/v2\/pages\/440"}],"collection":[{"href":"https:\/\/psicologanerinapupillo.it\/index.php\/wp-json\/wp\/v2\/pages"}],"about":[{"href":"https:\/\/psicologanerinapupillo.it\/index.php\/wp-json\/wp\/v2\/types\/page"}],"author":[{"embeddable":true,"href":"https:\/\/psicologanerinapupillo.it\/index.php\/wp-json\/wp\/v2\/users\/1"}],"replies":[{"embeddable":true,"href":"https:\/\/psicologanerinapupillo.it\/index.php\/wp-json\/wp\/v2\/comments?post=440"}],"version-history":[{"count":11,"href":"https:\/\/psicologanerinapupillo.it\/index.php\/wp-json\/wp\/v2\/pages\/440\/revisions"}],"predecessor-version":[{"id":605,"href":"https:\/\/psicologanerinapupillo.it\/index.php\/wp-json\/wp\/v2\/pages\/440\/revisions\/605"}],"wp:attachment":[{"href":"https:\/\/psicologanerinapupillo.it\/index.php\/wp-json\/wp\/v2\/media?parent=440"}],"curies":[{"name":"wp","href":"https:\/\/api.w.org\/{rel}","templated":true}]}}

<!--themify_builder_content-->
<div id="themify_builder_content-440" data-postid="440" class="themify_builder_content themify_builder_content-440 themify_builder tf_clear">
    			<!-- module_row -->
	<div  data-tablet-padding="5%,5%" data-css_id="lxhw000" data-lazy="1" class="module_row themify_builder_row fullwidth_row_container tb_lxhw000 tb_first tf_w tf_clearfix wow" data-tf-animation="slideInDown">
	    <div class="builder_row_cover tf_abs"></div>			<div class="row_inner col_align_top tb_col_count_1 tf_box tf_rel">
		            <div  data-lazy="1" class="module_column tb-column col-full tb_dr1j000 first">
                                                        <div class="tb-column-inner tf_box tf_w">
                        <!-- module text -->
<div  class="module module-text tb_06f0502    wow" data-tf-animation="zoomIn" data-lazy="1">
        <div  class="tb_text_wrap">
    <h1><em>“Comprendere</em><em> il comportamento di un gruppo familiare è più facile se si accetta di far riferimento al gruppo visto nella sua totalità invece che in termini di somma di comportamenti individuali“</em></h1>
<h1>Luigi Cancrini</h1>    </div>
</div>
<!-- /module text -->                    </div>
                            </div>
            	    </div>
	    <!-- /row_inner -->
	</div>
	<!-- /module_row -->
				<!-- module_row -->
	<div  data-css_id="ucap470" data-lazy="1" class="module_row themify_builder_row fullwidth_row_container tb_ucap470 tf_w tf_clearfix">
	    			<div class="row_inner col_align_top tb_col_count_1 tf_box tf_rel">
		            <div  data-lazy="1" class="module_column tb-column col-full tb_aeyo000 first">
                                                        <div class="tb-column-inner tf_box tf_w">
                        <!-- module text -->
<div  class="module module-text tb_o3jl440    wow" data-tf-animation="zoomIn" data-lazy="1">
        <div  class="tb_text_wrap">
    <h2>Sostegno Psicologico per Bambini, Adolescenti e Famiglie</h2>    </div>
</div>
<!-- /module text -->	<div  data-lazy="1" class="module_subrow themify_builder_sub_row tb_kigk320 tf_w tf_clearfix">
	    			<div class="subrow_inner col_align_top tb_col_count_1 tf_box tf_w">
		            <div  data-lazy="1" class="module_column sub_column col-full tb_j1vb006 first">
                                                        <div class="tb-column-inner tf_box tf_w">
                        <!-- module text -->
<div  class="module module-text tb_oct8777    wow" data-tf-animation="fadeInLeft" data-lazy="1">
        <div  class="tb_text_wrap">
    <p>Fare i genitori è un compito molto impegnativo che implica responsabilità enormi per ciò che concerne il benessere dei figli e la possibilità che diventino adulti sicuri, in grado di saper esprimere e organizzare le loro emozioni, con buoni livelli di autostima, flessibili e capaci di saper gestire conflitti e avversità. Con i soggetti in età evolutiva si potrebbe pensare che sia più semplice agire sul <strong>“problema emergente” </strong>in realtà la difficoltà del bambino, ragazzo è sempre inserita nel suo ambiente familiare.</p>
<p>Di conseguenza ciò che il lavoro terapeutico si propone è quello di accompagnare le famiglie nel processo di crescita dei figli attraverso l’analisi delle <strong>dinamiche familiari</strong> connesse al <strong>“sintomo parlante</strong>” del figlio. L’obiettivo è quello di formulare una ipotesi condivisibile di connessione tra il sintomo, il vissuto emotivo collegato e la causa sottostante in quanto il cambiamento fa vibrare le corde “<strong>dell’ambiente familiare”</strong>, incidendo direttamente sull’atteggiamento profondo dei membri del nucleo. Nello specifico il percorso di cura sarà strutturato tenendo conto delle difficoltà riportate dal minore operando contemporaneamente degli incontri familiari (bisettimanali o mensili a seconda della problematica).</p>
<p><strong>Aree di intervento </strong></p>
<ul>
<li>Disturbi dello sviluppo</li>
<li>Disturbi della regolazione emotiva</li>
<li>Disturbi alimentari</li>
<li>Isolamento e ritiro scolastico</li>
<li>Autolesionismo</li>
<li>Disturbo Ossessivo Compulsivo</li>
<li>Disturbi d’ansia</li>
<li>Disturbi psicosomatici</li>
</ul>    </div>
</div>
<!-- /module text -->                    </div>
                            </div>
            	    </div>
	</div><!-- /themify_builder_sub_row -->
	                    </div>
                            </div>
            	    </div>
	    <!-- /row_inner -->
	</div>
	<!-- /module_row -->
	</div>
<!--/themify_builder_content-->

<p>“Comprendere il comportamento di un gruppo familiare è più facile se si accetta di far riferimento al gruppo visto nella sua totalità invece che in termini di somma di comportamenti individuali“ Luigi Cancrini Sostegno Psicologico per Bambini, Adolescenti e Famiglie Fare i genitori è un compito molto impegnativo che implica responsabilità enormi per ciò che [&hellip;]</p>

<h1><em>“Comprendere</em><em> il comportamento di un gruppo familiare è più facile se si accetta di far riferimento al gruppo visto nella sua totalità invece che in termini di somma di comportamenti individuali“</em></h1> <h1>Luigi Cancrini</h1>
<h2>Sostegno Psicologico per Bambini, Adolescenti e Famiglie</h2>
<p>Fare i genitori è un compito molto impegnativo che implica responsabilità enormi per ciò che concerne il benessere dei figli e la possibilità che diventino adulti sicuri, in grado di saper esprimere e organizzare le loro emozioni, con buoni livelli di autostima, flessibili e capaci di saper gestire conflitti e avversità. Con i soggetti in età evolutiva si potrebbe pensare che sia più semplice agire sul <strong>“problema emergente” </strong>in realtà la difficoltà del bambino, ragazzo è sempre inserita nel suo ambiente familiare.</p> <p>Di conseguenza ciò che il lavoro terapeutico si propone è quello di accompagnare le famiglie nel processo di crescita dei figli attraverso l’analisi delle <strong>dinamiche familiari</strong> connesse al <strong>“sintomo parlante</strong>” del figlio. L’obiettivo è quello di formulare una ipotesi condivisibile di connessione tra il sintomo, il vissuto emotivo collegato e la causa sottostante in quanto il cambiamento fa vibrare le corde “<strong>dell’ambiente familiare”</strong>, incidendo direttamente sull’atteggiamento profondo dei membri del nucleo. Nello specifico il percorso di cura sarà strutturato tenendo conto delle difficoltà riportate dal minore operando contemporaneamente degli incontri familiari (bisettimanali o mensili a seconda della problematica).</p> <p><strong>Aree di intervento </strong></p> <ul> <li>Disturbi dello sviluppo</li> <li>Disturbi della regolazione emotiva</li> <li>Disturbi alimentari</li> <li>Isolamento e ritiro scolastico</li> <li>Autolesionismo</li> <li>Disturbo Ossessivo Compulsivo</li> <li>Disturbi d’ansia</li> <li>Disturbi psicosomatici</li> </ul>
